{"id":10636,"date":"2026-01-06T23:11:12","date_gmt":"2026-01-06T22:11:12","guid":{"rendered":"https:\/\/gambler.m2web.pl\/?post_type=product&#038;p=10636"},"modified":"2026-01-06T23:11:14","modified_gmt":"2026-01-06T22:11:14","slug":"evergreen-aluminiowe-grabki-do-zetonow","status":"publish","type":"product","link":"https:\/\/gambler.m2web.pl\/?product=evergreen-aluminiowe-grabki-do-zetonow","title":{"rendered":"EVERGREEN ALUMINIOWE GRABKI DO \u017bETON\u00d3W"},"content":{"rendered":"","protected":false},"excerpt":{"rendered":"<p><strong>EVERGREEN Teleskopowe grabki krupierskie (zgarniacz) do ruletki<\/strong><\/p>\n<p>Profesjonalne grabki krupierskie do zbierania \u017ceton\u00f3w.<\/p>\n<p>Po z\u0142o\u017ceniu \u0142atwe do transportu i przechowywania.<\/p>\n<p><strong>Wykonane z matowego aluminium i transparentnego akrylu.<\/strong><\/p>\n<p>Antypo\u015blizgowy uchwyt z czarnego tworzywa sztucznego.<\/p>\n<p>D\u0142ugo\u015b\u0107 po ca\u0142kowitym rozsuni\u0119ciu: 69 cm.<\/p>\n<p>Waga: 160 g.<\/p>\n","protected":false},"featured_media":10675,"comment_status":"open","ping_status":"closed","template":"","meta":[],"product_brand":[],"product_cat":[130],"product_tag":[],"class_list":{"0":"post-10636","1":"product","2":"type-product","3":"status-publish","4":"has-post-thumbnail","6":"product_cat-ruletka","8":"first","9":"outofstock","10":"shipping-taxable","11":"purchasable","12":"product-type-simple"},"_links":{"self":[{"href":"https:\/\/gambler.m2web.pl\/index.php?rest_route=\/wp\/v2\/product\/10636","targetHints":{"allow":["GET"]}}],"collection":[{"href":"https:\/\/gambler.m2web.pl\/index.php?rest_route=\/wp\/v2\/product"}],"about":[{"href":"https:\/\/gambler.m2web.pl\/index.php?rest_route=\/wp\/v2\/types\/product"}],"replies":[{"embeddable":true,"href":"https:\/\/gambler.m2web.pl\/index.php?rest_route=%2Fwp%2Fv2%2Fcomments&post=10636"}],"version-history":[{"count":1,"href":"https:\/\/gambler.m2web.pl\/index.php?rest_route=\/wp\/v2\/product\/10636\/revisions"}],"predecessor-version":[{"id":10676,"href":"https:\/\/gambler.m2web.pl\/index.php?rest_route=\/wp\/v2\/product\/10636\/revisions\/10676"}],"wp:featuredmedia":[{"embeddable":true,"href":"https:\/\/gambler.m2web.pl\/index.php?rest_route=\/wp\/v2\/media\/10675"}],"wp:attachment":[{"href":"https:\/\/gambler.m2web.pl\/index.php?rest_route=%2Fwp%2Fv2%2Fmedia&parent=10636"}],"wp:term":[{"taxonomy":"product_brand","embeddable":true,"href":"https:\/\/gambler.m2web.pl\/index.php?rest_route=%2Fwp%2Fv2%2Fproduct_brand&post=10636"},{"taxonomy":"product_cat","embeddable":true,"href":"https:\/\/gambler.m2web.pl\/index.php?rest_route=%2Fwp%2Fv2%2Fproduct_cat&post=10636"},{"taxonomy":"product_tag","embeddable":true,"href":"https:\/\/gambler.m2web.pl\/index.php?rest_route=%2Fwp%2Fv2%2Fproduct_tag&post=10636"}],"curies":[{"name":"wp","href":"https:\/\/api.w.org\/{rel}","templated":true}]}}