{"id":10638,"date":"2026-01-06T23:11:12","date_gmt":"2026-01-06T22:11:12","guid":{"rendered":"https:\/\/gambler.m2web.pl\/?post_type=product&#038;p=10638"},"modified":"2026-01-06T23:11:14","modified_gmt":"2026-01-06T22:11:14","slug":"cartamundi-karty-pasjansowe-rosaline-mini-standard-index-2-talie","status":"publish","type":"product","link":"https:\/\/gambler.m2web.pl\/?product=cartamundi-karty-pasjansowe-rosaline-mini-standard-index-2-talie","title":{"rendered":"CARTAMUNDI Karty pasjansowe Rosaline MINI Standard Index 2 Talie"},"content":{"rendered":"<h3><strong>CARTAMUNDI Karty pasjansowe Rosaline MINI Standard Index 2 Talie<\/strong><\/h3>\n<p>Nr kat.: 1071289000603<br \/>\n<strong>Karty do gry w pasjansa marki Cartamundi w zmniejszonym rozmiarze.<\/strong><br \/>\nDwie talie po 55 kart z klasycznym wzorem oraz motywem r\u00f3\u017cy na rewersie.<br \/>\nWykonane z kartonu powleczonego plastikiem.<br \/>\n<strong>Standardowe indeksy.<\/strong><br \/>\nWymiary kart: ok. 45 x 70 mm.<br \/>\n<strong>Wyprodukowane w UE.<\/strong><\/p>\n<p><em>Cartamundi \u2013 belgijski producent kart do gry. Firma powsta\u0142a w Turnhout w 1970 r. <\/em><em>Poza siedzib\u0105 g\u0142\u00f3wn\u0105 i centrum produkcyjnym w Turnhout w Belgii, Cartamundi posiada tak\u017ce fabryki w Niemczech, Stanach Zjednoczonych, Wielkiej Brytanii, Brazylii, Meksyku oraz w Polsce. <\/em><em>Grupa Cartamundi jest najwi\u0119kszym licencjobiorc\u0105 w Europie w swojej kategorii produktowej i sta\u0142a si\u0119 globalnym partnerem lidera rynku licencji The Walt Disney Company oraz innych renomowanych licencjodawc\u00f3w takich jak Warner Bros, EON, Lucasfilm, National Geographic, Mattel czy UEFA.<\/em><\/p>\n","protected":false},"excerpt":{"rendered":"<p>CARTAMUNDI Karty pasjansowe Rosaline MINI Standard Index 2 Talie Nr kat.: 1071289000603 Karty do gry w pasjansa marki Cartamundi w<\/p>\n","protected":false},"featured_media":10679,"comment_status":"open","ping_status":"closed","template":"","meta":[],"product_brand":[],"product_cat":[133,132],"product_tag":[],"class_list":{"0":"post-10638","1":"product","2":"type-product","3":"status-publish","4":"has-post-thumbnail","6":"product_cat-cartamundi","7":"product_cat-karty","9":"first","10":"outofstock","11":"shipping-taxable","12":"purchasable","13":"product-type-simple"},"_links":{"self":[{"href":"https:\/\/gambler.m2web.pl\/index.php?rest_route=\/wp\/v2\/product\/10638","targetHints":{"allow":["GET"]}}],"collection":[{"href":"https:\/\/gambler.m2web.pl\/index.php?rest_route=\/wp\/v2\/product"}],"about":[{"href":"https:\/\/gambler.m2web.pl\/index.php?rest_route=\/wp\/v2\/types\/product"}],"replies":[{"embeddable":true,"href":"https:\/\/gambler.m2web.pl\/index.php?rest_route=%2Fwp%2Fv2%2Fcomments&post=10638"}],"version-history":[{"count":1,"href":"https:\/\/gambler.m2web.pl\/index.php?rest_route=\/wp\/v2\/product\/10638\/revisions"}],"predecessor-version":[{"id":10680,"href":"https:\/\/gambler.m2web.pl\/index.php?rest_route=\/wp\/v2\/product\/10638\/revisions\/10680"}],"wp:featuredmedia":[{"embeddable":true,"href":"https:\/\/gambler.m2web.pl\/index.php?rest_route=\/wp\/v2\/media\/10679"}],"wp:attachment":[{"href":"https:\/\/gambler.m2web.pl\/index.php?rest_route=%2Fwp%2Fv2%2Fmedia&parent=10638"}],"wp:term":[{"taxonomy":"product_brand","embeddable":true,"href":"https:\/\/gambler.m2web.pl\/index.php?rest_route=%2Fwp%2Fv2%2Fproduct_brand&post=10638"},{"taxonomy":"product_cat","embeddable":true,"href":"https:\/\/gambler.m2web.pl\/index.php?rest_route=%2Fwp%2Fv2%2Fproduct_cat&post=10638"},{"taxonomy":"product_tag","embeddable":true,"href":"https:\/\/gambler.m2web.pl\/index.php?rest_route=%2Fwp%2Fv2%2Fproduct_tag&post=10638"}],"curies":[{"name":"wp","href":"https:\/\/api.w.org\/{rel}","templated":true}]}}