{"id":10968,"date":"2026-01-06T23:11:37","date_gmt":"2026-01-06T22:11:37","guid":{"rendered":"https:\/\/gambler.m2web.pl\/?post_type=product&#038;p=10968"},"modified":"2026-01-06T23:11:38","modified_gmt":"2026-01-06T22:11:38","slug":"animazing-zeton-october-1951-ceramika-nominal-50","status":"publish","type":"product","link":"https:\/\/gambler.m2web.pl\/?product=animazing-zeton-october-1951-ceramika-nominal-50","title":{"rendered":"ANIMAZING \u017beton October 1951 Ceramika Nomina\u0142 50"},"content":{"rendered":"<h3><strong>ANIMAZING \u017beton October 1951 Ceramika Nomina\u0142 50<\/strong><\/h3>\n<p>Nr kat.: 115C1751<br \/>\nKolor: zielony<br \/>\n<strong>Seria \u017ceton\u00f3w stylizowanych na lata 40.\/50. XX wieku z motywem tzw. Pin-up Girls.<\/strong><br \/>\n<strong>Wykonane z wypalanej glinki ceramicznej \u2013 najlepszego materia\u0142u wykorzystywanego do produkcji \u017ceton\u00f3w.<\/strong><br \/>\n<strong>Charakteryzuj\u0105 si\u0119 idealnym wywa\u017ceniem i du\u017c\u0105 wytrzyma\u0142o\u015bci\u0105.<\/strong><br \/>\n\u017betony posiadaj\u0105 delikatnie szorstk\u0105 powierzchni\u0119, dzi\u0119ki kt\u00f3rej \u015bwietnie le\u017c\u0105 w d\u0142oni, \u0142atwo uk\u0142adaj\u0105 si\u0119 w s\u0142upki oraz nadaj\u0105 si\u0119 do wykonywania skomplikowanych trik\u00f3w.<br \/>\n<strong>\u017betony z obustronnym nomina\u0142em.<\/strong><br \/>\nSeria z typowo europejskimi nomina\u0142ami (np. 20 zamiast 25, nast\u0119pnie 50), a tak\u017ce z \u017cetonem o nominale 3 do klasycznej Cash Game z 1\/3 blind\u00f3w.<br \/>\n<strong>\u017betony nadaj\u0105 si\u0119 do klasycznej Cash Game, jak i do turniej\u00f3w pokerowych.<\/strong><br \/>\nNomina\u0142y dost\u0119pne w serii: 1 \/ 2 \/ 3 \/ 5 \/ 10 \/ 20 \/ 50 \/ 100 \/ 500 \/ 1.000<br \/>\nWymiary:<br \/>\n\u015arednica: 40 mm.<br \/>\nGrubo\u015b\u0107: 3,3 mm.<br \/>\nWaga: 10,5 g.<\/p>\n","protected":false},"excerpt":{"rendered":"<p>ANIMAZING \u017beton October 1951 Ceramika Nomina\u0142 50 Nr kat.: 115C1751 Kolor: zielony Seria \u017ceton\u00f3w stylizowanych na lata 40.\/50. XX wieku<\/p>\n","protected":false},"featured_media":11000,"comment_status":"open","ping_status":"closed","template":"","meta":[],"product_brand":[],"product_cat":[147,135,136],"product_tag":[],"class_list":{"0":"post-10968","1":"product","2":"type-product","3":"status-publish","4":"has-post-thumbnail","6":"product_cat-october-1951","7":"product_cat-zetony","8":"product_cat-zetony-ceramiczne","10":"first","11":"outofstock","12":"sale","13":"shipping-taxable","14":"purchasable","15":"product-type-simple"},"_links":{"self":[{"href":"https:\/\/gambler.m2web.pl\/index.php?rest_route=\/wp\/v2\/product\/10968","targetHints":{"allow":["GET"]}}],"collection":[{"href":"https:\/\/gambler.m2web.pl\/index.php?rest_route=\/wp\/v2\/product"}],"about":[{"href":"https:\/\/gambler.m2web.pl\/index.php?rest_route=\/wp\/v2\/types\/product"}],"replies":[{"embeddable":true,"href":"https:\/\/gambler.m2web.pl\/index.php?rest_route=%2Fwp%2Fv2%2Fcomments&post=10968"}],"version-history":[{"count":1,"href":"https:\/\/gambler.m2web.pl\/index.php?rest_route=\/wp\/v2\/product\/10968\/revisions"}],"predecessor-version":[{"id":11001,"href":"https:\/\/gambler.m2web.pl\/index.php?rest_route=\/wp\/v2\/product\/10968\/revisions\/11001"}],"wp:featuredmedia":[{"embeddable":true,"href":"https:\/\/gambler.m2web.pl\/index.php?rest_route=\/wp\/v2\/media\/11000"}],"wp:attachment":[{"href":"https:\/\/gambler.m2web.pl\/index.php?rest_route=%2Fwp%2Fv2%2Fmedia&parent=10968"}],"wp:term":[{"taxonomy":"product_brand","embeddable":true,"href":"https:\/\/gambler.m2web.pl\/index.php?rest_route=%2Fwp%2Fv2%2Fproduct_brand&post=10968"},{"taxonomy":"product_cat","embeddable":true,"href":"https:\/\/gambler.m2web.pl\/index.php?rest_route=%2Fwp%2Fv2%2Fproduct_cat&post=10968"},{"taxonomy":"product_tag","embeddable":true,"href":"https:\/\/gambler.m2web.pl\/index.php?rest_route=%2Fwp%2Fv2%2Fproduct_tag&post=10968"}],"curies":[{"name":"wp","href":"https:\/\/api.w.org\/{rel}","templated":true}]}}