{"id":10981,"date":"2026-01-06T23:11:37","date_gmt":"2026-01-06T22:11:37","guid":{"rendered":"https:\/\/gambler.m2web.pl\/?post_type=product&#038;p=10981"},"modified":"2026-01-06T23:11:42","modified_gmt":"2026-01-06T22:11:42","slug":"quint-aviator-heritage-2252","status":"publish","type":"product","link":"https:\/\/gambler.m2web.pl\/?product=quint-aviator-heritage-2252","title":{"rendered":"QUINT AVIATOR HERITAGE 2252"},"content":{"rendered":"<p lang=\"zxx\"><span style=\"font-family: tahoma,arial,helvetica,sans-serif; font-size: medium;\"><strong>Karty Aviator Heritage Edition No. 35 kolor niebieski<\/strong><\/span><\/p>\n<p lang=\"zxx\"><span style=\"font-family: tahoma,arial,helvetica,sans-serif; font-size: medium;\">Wspania\u0142e karty do pokera w stylu retro marki Aviator.<\/span><\/p>\n<p lang=\"zxx\"><span style=\"font-family: tahoma,arial,helvetica,sans-serif; font-size: medium;\"><strong>Karty do gry Aviator po raz pierwszy pojawi\u0142y si\u0119 w 1927 roku na pami\u0105tk\u0119 lotu transatlantyckiego Charlesa Lindbergha.<\/strong><\/span><\/p>\n<p lang=\"zxx\"><span style=\"font-family: tahoma,arial,helvetica,sans-serif; font-size: medium;\"><strong>Teraz, 90 lat po pierwszym wydaniu, pojawi\u0142a si\u0119 najnowsza ich wersja inspirowana przez pioniera lotnictwa Howarda Hughesa i jego samolot wy\u015bcigowy H-1.<\/strong><\/span><\/p>\n<p lang=\"zxx\"><span style=\"font-family: tahoma,arial,helvetica,sans-serif; font-size: medium;\"><a id=\"Tally-Ho\" name=\"Tally-Ho\"><\/a>W\u0142a\u015bcicielem marki Aviator jest United States Playing Card Company, posiadaj\u0105ca w swoim portfolio tak\u017ce takie marki jak: Bee, Bicycle, Fournier, Hoyle, KEM czy Tally-Ho.<br \/>\n<\/span><\/p>\n<p lang=\"zxx\"><span style=\"font-family: tahoma,arial,helvetica,sans-serif; font-size: medium;\">Udzia\u0142 tych marek w \u015bwiatowej produkcji kart przekracza 35%.<\/span><\/p>\n<p lang=\"zxx\"><span style=\"font-family: tahoma,arial,helvetica,sans-serif; font-size: medium;\"><strong>Karty wyprodukowane w technologii Cambric Finish \u2013 struktura materia\u0142u bawe\u0142nianego.<br \/>\n<\/strong><\/span><\/p>\n<p lang=\"zxx\"><span style=\"font-family: tahoma,arial,helvetica,sans-serif; font-size: medium;\"><strong>S\u0105 lekko mi\u0119kkie w dotyku i \u015bwietnie si\u0119 tasuj\u0105.<\/strong><\/span><\/p>\n<p lang=\"zxx\"><span style=\"font-family: tahoma,arial,helvetica,sans-serif; font-size: medium;\">Standardowe indeksy.<\/span><\/p>\n<p lang=\"zxx\"><span style=\"font-family: tahoma,arial,helvetica,sans-serif; font-size: medium;\">Talia 52 karty + 2 Jokery.<\/span><\/p>\n<p lang=\"zxx\"><span style=\"font-family: tahoma,arial,helvetica,sans-serif; font-size: medium;\"><strong>Wyprodukowane w USA.<\/strong><\/span><\/p>\n<p><strong>PRODUCENT<\/strong><br \/>\nThe United States Playing Card Company<\/p>\n<p><strong>Adres<\/strong><br \/>\n300 Gap Way, KY 41018\u00a0Erlanger, Stany Zjednoczone<\/p>\n<p><strong>Kontakt<\/strong><\/p>\n<blockquote class=\"wp-embedded-content\" data-secret=\"O6eHPO5Nik\"><p><a href=\"https:\/\/usplayingcard.com\/contact-us\/\">Contact Us<\/a><\/p><\/blockquote>\n<p>&nbsp;<\/p>\n<p><strong>OSOBA ODPOWIEDZIALNA<\/strong><br \/>\nQUINT Piotr Maliszewski<\/p>\n<p><strong>Adres<\/strong><br \/>\nIrysowa 16, 87-100\u00a0Toru\u0144, Polska<\/p>\n<p><strong>Kontakt<\/strong><br \/>\ninfo@poker-sklep.pl<\/p>\n","protected":false},"excerpt":{"rendered":"<p>Karty Aviator Heritage Edition No. 35 kolor niebieski Wspania\u0142e karty do pokera w stylu retro marki Aviator. Karty do gry<\/p>\n","protected":false},"featured_media":11047,"comment_status":"closed","ping_status":"closed","template":"","meta":[],"product_brand":[],"product_cat":[127],"product_tag":[],"class_list":{"0":"post-10981","1":"product","2":"type-product","3":"status-publish","4":"has-post-thumbnail","6":"product_cat-akcesoria","8":"first","9":"outofstock","10":"shipping-taxable","11":"purchasable","12":"product-type-simple"},"_links":{"self":[{"href":"https:\/\/gambler.m2web.pl\/index.php?rest_route=\/wp\/v2\/product\/10981","targetHints":{"allow":["GET"]}}],"collection":[{"href":"https:\/\/gambler.m2web.pl\/index.php?rest_route=\/wp\/v2\/product"}],"about":[{"href":"https:\/\/gambler.m2web.pl\/index.php?rest_route=\/wp\/v2\/types\/product"}],"replies":[{"embeddable":true,"href":"https:\/\/gambler.m2web.pl\/index.php?rest_route=%2Fwp%2Fv2%2Fcomments&post=10981"}],"version-history":[{"count":1,"href":"https:\/\/gambler.m2web.pl\/index.php?rest_route=\/wp\/v2\/product\/10981\/revisions"}],"predecessor-version":[{"id":11048,"href":"https:\/\/gambler.m2web.pl\/index.php?rest_route=\/wp\/v2\/product\/10981\/revisions\/11048"}],"wp:featuredmedia":[{"embeddable":true,"href":"https:\/\/gambler.m2web.pl\/index.php?rest_route=\/wp\/v2\/media\/11047"}],"wp:attachment":[{"href":"https:\/\/gambler.m2web.pl\/index.php?rest_route=%2Fwp%2Fv2%2Fmedia&parent=10981"}],"wp:term":[{"taxonomy":"product_brand","embeddable":true,"href":"https:\/\/gambler.m2web.pl\/index.php?rest_route=%2Fwp%2Fv2%2Fproduct_brand&post=10981"},{"taxonomy":"product_cat","embeddable":true,"href":"https:\/\/gambler.m2web.pl\/index.php?rest_route=%2Fwp%2Fv2%2Fproduct_cat&post=10981"},{"taxonomy":"product_tag","embeddable":true,"href":"https:\/\/gambler.m2web.pl\/index.php?rest_route=%2Fwp%2Fv2%2Fproduct_tag&post=10981"}],"curies":[{"name":"wp","href":"https:\/\/api.w.org\/{rel}","templated":true}]}}