{"id":11134,"date":"2026-01-06T23:11:50","date_gmt":"2026-01-06T22:11:50","guid":{"rendered":"https:\/\/gambler.m2web.pl\/?post_type=product&#038;p=11134"},"modified":"2026-01-06T23:11:52","modified_gmt":"2026-01-06T22:11:52","slug":"sun-fly-zeton-dealer-button-spaydz-ceramika","status":"publish","type":"product","link":"https:\/\/gambler.m2web.pl\/?product=sun-fly-zeton-dealer-button-spaydz-ceramika","title":{"rendered":"SUN-FLY \u017bETON DEALER BUTTON SPAYDZ CERAMIKA"},"content":{"rendered":"","protected":false},"excerpt":{"rendered":"<p><strong>SUN-FLY \u017beton Dealer Button Spaydz Ceramika<\/strong><\/p>\n<p><strong>Ceramiczny Dealer Button serii Spaydz z klasycznym wzorem.<\/strong><\/p>\n<p><strong>Wykonany z wypalanej glinki ceramicznej \u2013 najlepszego materia\u0142u wykorzystywanego do produkcji \u017ceton\u00f3w.<\/strong><\/p>\n<p><strong>Charakteryzuje si\u0119 idealnym wywa\u017ceniem i du\u017c\u0105 wytrzyma\u0142o\u015bci\u0105.<\/strong><\/p>\n<p>Obustronna grafika.<\/p>\n<p>Nomina\u0142y dost\u0119pne w serii: 1 \/ 5 \/ 25 \/ 100 \/ 500 \/ 1.000 \/ 5.000 \/ 25.000 \/ 100.000 \/ Dealer Button<\/p>\n<p>Wymiary:<\/p>\n<p>\u015arednica: 50 mm.<\/p>\n<p>Grubo\u015b\u0107: 6 mm.<\/p>\n<p>Waga: 26 g.<\/p>\n","protected":false},"featured_media":11177,"comment_status":"open","ping_status":"closed","template":"","meta":[],"product_brand":[],"product_cat":[127,144,164,135,136],"product_tag":[],"class_list":{"0":"post-11134","1":"product","2":"type-product","3":"status-publish","4":"has-post-thumbnail","6":"product_cat-akcesoria","7":"product_cat-buttons","8":"product_cat-spaydz","9":"product_cat-zetony","10":"product_cat-zetony-ceramiczne","12":"first","13":"instock","14":"shipping-taxable","15":"purchasable","16":"product-type-simple"},"_links":{"self":[{"href":"https:\/\/gambler.m2web.pl\/index.php?rest_route=\/wp\/v2\/product\/11134","targetHints":{"allow":["GET"]}}],"collection":[{"href":"https:\/\/gambler.m2web.pl\/index.php?rest_route=\/wp\/v2\/product"}],"about":[{"href":"https:\/\/gambler.m2web.pl\/index.php?rest_route=\/wp\/v2\/types\/product"}],"replies":[{"embeddable":true,"href":"https:\/\/gambler.m2web.pl\/index.php?rest_route=%2Fwp%2Fv2%2Fcomments&post=11134"}],"version-history":[{"count":1,"href":"https:\/\/gambler.m2web.pl\/index.php?rest_route=\/wp\/v2\/product\/11134\/revisions"}],"predecessor-version":[{"id":11178,"href":"https:\/\/gambler.m2web.pl\/index.php?rest_route=\/wp\/v2\/product\/11134\/revisions\/11178"}],"wp:featuredmedia":[{"embeddable":true,"href":"https:\/\/gambler.m2web.pl\/index.php?rest_route=\/wp\/v2\/media\/11177"}],"wp:attachment":[{"href":"https:\/\/gambler.m2web.pl\/index.php?rest_route=%2Fwp%2Fv2%2Fmedia&parent=11134"}],"wp:term":[{"taxonomy":"product_brand","embeddable":true,"href":"https:\/\/gambler.m2web.pl\/index.php?rest_route=%2Fwp%2Fv2%2Fproduct_brand&post=11134"},{"taxonomy":"product_cat","embeddable":true,"href":"https:\/\/gambler.m2web.pl\/index.php?rest_route=%2Fwp%2Fv2%2Fproduct_cat&post=11134"},{"taxonomy":"product_tag","embeddable":true,"href":"https:\/\/gambler.m2web.pl\/index.php?rest_route=%2Fwp%2Fv2%2Fproduct_tag&post=11134"}],"curies":[{"name":"wp","href":"https:\/\/api.w.org\/{rel}","templated":true}]}}