{"id":11303,"date":"2026-01-06T23:12:00","date_gmt":"2026-01-06T22:12:00","guid":{"rendered":"https:\/\/gambler.m2web.pl\/?post_type=product&#038;p=11303"},"modified":"2026-01-06T23:12:05","modified_gmt":"2026-01-06T22:12:05","slug":"cartamundi-karty-imperial-bridge-size-kolor-niebieski","status":"publish","type":"product","link":"https:\/\/gambler.m2web.pl\/?product=cartamundi-karty-imperial-bridge-size-kolor-niebieski","title":{"rendered":"CARTAMUNDI Karty Imperial Bridge Size kolor niebieski"},"content":{"rendered":"","protected":false},"excerpt":{"rendered":"<p><strong>CARTAMUNDI Karty Imperial Bridge Size<\/strong><br \/>\nNr kat.: 1071289000527B<br \/>\nKolor: niebieski<br \/>\n<strong>Karty do bryd\u017ca marki Cartamundi z pi\u0119knym, klasycznym wzorem.<\/strong><br \/>\nW zestawie 55 kartonowych kart w stylu Imperium Rosyjskiego.<br \/>\nPowleczone plastikiem.<br \/>\n<strong>Standardowe indeksy.<\/strong><br \/>\nWymiary kart: 57 x 89 mm.<br \/>\n<strong>Wyprodukowane w UE.<\/strong><br \/>\n<em>Cartamundi \u2013 belgijski producent kart do gry. Firma powsta\u0142a w Turnhout 1970.<\/em><br \/>\n<em>Poza siedzib\u0105 g\u0142\u00f3wn\u0105 i centrum produkcyjnym w Turnhout, w Belgii, Cartamundi posiada tak\u017ce fabryki w Niemczech, Stanach Zjednoczonych, Wielkiej Brytanii, Brazylii, Meksyku oraz w Polsce.<\/em><br \/>\n<em>Grupa Cartamundi jest najwi\u0119kszym licencjobiorc\u0105 w Europie w swojej kategorii produktowej i sta\u0142a si\u0119 globalnym partnerem lidera rynku licencji The Walt Disney Company oraz innych renomowanych licencjodawc\u00f3w takich jak Warner Bros, EON, Lucasfilm, National Geographic, Mattel czy UEFA.<\/em><\/p>\n<p><strong>PRODUCENT<\/strong><br \/>\nCartamundi Polska Sp. z o.o.<br \/>\n<strong>ADRES<\/strong><br \/>\nP\u00d3\u0141\u0141ANKI 18, 30-740\u00a0Krak\u00f3w, Polska<br \/>\n<strong>KONTAKT<\/strong><br \/>\njoanna.siudek@cartamundi.com<\/p>\n<p><strong>OSOBA ODPOWIEDZIALNA<\/strong><br \/>\nCartamundi Polska Sp. z o.o.<br \/>\n<strong>ADRES<\/strong><br \/>\nP\u00d3\u0141\u0141ANKI 18, 30-740\u00a0Krak\u00f3w, Polska<br \/>\n<strong>KONTAKT<\/strong><br \/>\njoanna.siudek@cartamundi.com<\/p>\n","protected":false},"featured_media":11370,"comment_status":"closed","ping_status":"closed","template":"","meta":[],"product_brand":[],"product_cat":[134,133,132],"product_tag":[],"class_list":{"0":"post-11303","1":"product","2":"type-product","3":"status-publish","4":"has-post-thumbnail","6":"product_cat-brydz","7":"product_cat-cartamundi","8":"product_cat-karty","10":"first","11":"instock","12":"shipping-taxable","13":"purchasable","14":"product-type-simple"},"_links":{"self":[{"href":"https:\/\/gambler.m2web.pl\/index.php?rest_route=\/wp\/v2\/product\/11303","targetHints":{"allow":["GET"]}}],"collection":[{"href":"https:\/\/gambler.m2web.pl\/index.php?rest_route=\/wp\/v2\/product"}],"about":[{"href":"https:\/\/gambler.m2web.pl\/index.php?rest_route=\/wp\/v2\/types\/product"}],"replies":[{"embeddable":true,"href":"https:\/\/gambler.m2web.pl\/index.php?rest_route=%2Fwp%2Fv2%2Fcomments&post=11303"}],"version-history":[{"count":1,"href":"https:\/\/gambler.m2web.pl\/index.php?rest_route=\/wp\/v2\/product\/11303\/revisions"}],"predecessor-version":[{"id":11374,"href":"https:\/\/gambler.m2web.pl\/index.php?rest_route=\/wp\/v2\/product\/11303\/revisions\/11374"}],"wp:featuredmedia":[{"embeddable":true,"href":"https:\/\/gambler.m2web.pl\/index.php?rest_route=\/wp\/v2\/media\/11370"}],"wp:attachment":[{"href":"https:\/\/gambler.m2web.pl\/index.php?rest_route=%2Fwp%2Fv2%2Fmedia&parent=11303"}],"wp:term":[{"taxonomy":"product_brand","embeddable":true,"href":"https:\/\/gambler.m2web.pl\/index.php?rest_route=%2Fwp%2Fv2%2Fproduct_brand&post=11303"},{"taxonomy":"product_cat","embeddable":true,"href":"https:\/\/gambler.m2web.pl\/index.php?rest_route=%2Fwp%2Fv2%2Fproduct_cat&post=11303"},{"taxonomy":"product_tag","embeddable":true,"href":"https:\/\/gambler.m2web.pl\/index.php?rest_route=%2Fwp%2Fv2%2Fproduct_tag&post=11303"}],"curies":[{"name":"wp","href":"https:\/\/api.w.org\/{rel}","templated":true}]}}