{"id":11310,"date":"2026-01-06T23:12:00","date_gmt":"2026-01-06T22:12:00","guid":{"rendered":"https:\/\/gambler.m2web.pl\/?post_type=product&#038;p=11310"},"modified":"2026-01-06T23:12:07","modified_gmt":"2026-01-06T22:12:07","slug":"goddess-karty-do-brydza-silver-regular-index-kolor-srebrny","status":"publish","type":"product","link":"https:\/\/gambler.m2web.pl\/?product=goddess-karty-do-brydza-silver-regular-index-kolor-srebrny","title":{"rendered":"GODDESS Karty do bryd\u017ca SILVER Regular Index Kolor srebrny"},"content":{"rendered":"<h3><strong>GODDESS Karty do bryd\u017ca SILVER Regular Index<\/strong><\/h3>\n<p>Nr kat.: 1158222<br \/>\nKolor: srebrny<br \/>\n<strong>Oryginalne i jedyne w swoim rodzaju srebrne karty do gry. <\/strong><br \/>\n<strong>Wykonane z tworzywa i pokryte obustronnie srebrn\u0105 foli\u0105.<\/strong><br \/>\nKarty dedykowane do bryd\u017ca, mog\u0105 by\u0107 wykorzystywane tak\u017ce w innych grach karcianych.<br \/>\nWyt\u0142aczana, wyra\u017anie wyczuwalna faktura kart u\u0142atwia ich tasowanie i trzymanie w d\u0142oni.<br \/>\n<strong>Karty w rozmiarze bryd\u017cowym (57 x 88 mm).<\/strong><br \/>\nKarty zmywalne, odporne na zginanie i bardzo wytrzyma\u0142e.<br \/>\n<strong>Standardowe indeksy.<\/strong><br \/>\nTalia 52 karty +2 Jokery.<\/p>\n","protected":false},"excerpt":{"rendered":"<p>GODDESS Karty do bryd\u017ca SILVER Regular Index Nr kat.: 1158222 Kolor: srebrny Oryginalne i jedyne w swoim rodzaju srebrne karty<\/p>\n","protected":false},"featured_media":11394,"comment_status":"open","ping_status":"closed","template":"","meta":[],"product_brand":[],"product_cat":[138,132],"product_tag":[],"class_list":{"0":"post-11310","1":"product","2":"type-product","3":"status-publish","4":"has-post-thumbnail","6":"product_cat-inne","7":"product_cat-karty","9":"first","10":"outofstock","11":"shipping-taxable","12":"purchasable","13":"product-type-simple"},"_links":{"self":[{"href":"https:\/\/gambler.m2web.pl\/index.php?rest_route=\/wp\/v2\/product\/11310","targetHints":{"allow":["GET"]}}],"collection":[{"href":"https:\/\/gambler.m2web.pl\/index.php?rest_route=\/wp\/v2\/product"}],"about":[{"href":"https:\/\/gambler.m2web.pl\/index.php?rest_route=\/wp\/v2\/types\/product"}],"replies":[{"embeddable":true,"href":"https:\/\/gambler.m2web.pl\/index.php?rest_route=%2Fwp%2Fv2%2Fcomments&post=11310"}],"version-history":[{"count":1,"href":"https:\/\/gambler.m2web.pl\/index.php?rest_route=\/wp\/v2\/product\/11310\/revisions"}],"predecessor-version":[{"id":11395,"href":"https:\/\/gambler.m2web.pl\/index.php?rest_route=\/wp\/v2\/product\/11310\/revisions\/11395"}],"wp:featuredmedia":[{"embeddable":true,"href":"https:\/\/gambler.m2web.pl\/index.php?rest_route=\/wp\/v2\/media\/11394"}],"wp:attachment":[{"href":"https:\/\/gambler.m2web.pl\/index.php?rest_route=%2Fwp%2Fv2%2Fmedia&parent=11310"}],"wp:term":[{"taxonomy":"product_brand","embeddable":true,"href":"https:\/\/gambler.m2web.pl\/index.php?rest_route=%2Fwp%2Fv2%2Fproduct_brand&post=11310"},{"taxonomy":"product_cat","embeddable":true,"href":"https:\/\/gambler.m2web.pl\/index.php?rest_route=%2Fwp%2Fv2%2Fproduct_cat&post=11310"},{"taxonomy":"product_tag","embeddable":true,"href":"https:\/\/gambler.m2web.pl\/index.php?rest_route=%2Fwp%2Fv2%2Fproduct_tag&post=11310"}],"curies":[{"name":"wp","href":"https:\/\/api.w.org\/{rel}","templated":true}]}}