{"id":11577,"date":"2026-01-06T23:12:20","date_gmt":"2026-01-06T22:12:20","guid":{"rendered":"https:\/\/gambler.m2web.pl\/?post_type=product&#038;p=11577"},"modified":"2026-01-06T23:12:23","modified_gmt":"2026-01-06T22:12:23","slug":"mona-karty-poker-club-jumbo-index-100-plastic-2-talie","status":"publish","type":"product","link":"https:\/\/gambler.m2web.pl\/?product=mona-karty-poker-club-jumbo-index-100-plastic-2-talie","title":{"rendered":"MONA Karty Poker Club Jumbo Index 100% Plastic 2 TALIE"},"content":{"rendered":"<div class=\"mp4t_16_s mryx_16_s mr3m_1 mli2_1 mh85_56 mh85_0_l\">\n<div class=\"mgn2_16 _0d3bd_5pK0q\">\n<h3>MONA Karty Poker Club Jumbo Index 100% Plastic 2 TALIE<\/h3>\n<p>Nr kat.: 115M002<\/p>\n<p>Kolor: czerwony+niebieski<\/p>\n<p><b>Wysokiej jako\u015bci karty do gry w pokera z klasycznym wzorem.<\/b><\/p>\n<p><b>Najlepsza relacja ceny do jako\u015bci.<\/b><\/p>\n<p>Wykonane w 100% z plastiku.<\/p>\n<p><b>Karty w rozmiarze pokerowym (63 x 88 mm).<\/b><\/p>\n<p>Zmywalne, odporne na wyginanie, wytrzymuj\u0105 do 30x d\u0142u\u017cej od zwyk\u0142ych kart kartonowych.<\/p>\n<p><b>Powi\u0119kszone indeksy.<\/b><\/p>\n<p>Dwie talie po 52 karty +2 Jokery.<\/p>\n<p>Wyprodukowane w Chinach.<\/p>\n<\/div>\n<\/div>\n","protected":false},"excerpt":{"rendered":"<p><strong>Karty Poker Club Jumbo Index 100% Plastic kolor niebieski<\/strong><\/p>\n<p>Wysokiej jako\u015bci karty do gry w pokera z klasycznym wzorem.<\/p>\n<p><strong>Najlepsza relacja ceny do jako\u015bci.<\/strong><\/p>\n<p>Wykonane w 100% z plastiku.<\/p>\n<p>Zmywalne, odporne na wyginanie, wytrzymuj\u0105 do 30x d\u0142u\u017cej od zwyk\u0142ych kart kartonowych.<\/p>\n<p><strong>Powi\u0119kszone indeksy.<\/strong><\/p>\n<p>Talia 52 kart + 2 Jokery.<\/p>\n<p>Wymiary: 63 x 88 mm.<\/p>\n","protected":false},"featured_media":11637,"comment_status":"open","ping_status":"closed","template":"","meta":[],"product_brand":[],"product_cat":[138,132],"product_tag":[],"class_list":{"0":"post-11577","1":"product","2":"type-product","3":"status-publish","4":"has-post-thumbnail","6":"product_cat-inne","7":"product_cat-karty","9":"first","10":"outofstock","11":"shipping-taxable","12":"purchasable","13":"product-type-simple"},"_links":{"self":[{"href":"https:\/\/gambler.m2web.pl\/index.php?rest_route=\/wp\/v2\/product\/11577","targetHints":{"allow":["GET"]}}],"collection":[{"href":"https:\/\/gambler.m2web.pl\/index.php?rest_route=\/wp\/v2\/product"}],"about":[{"href":"https:\/\/gambler.m2web.pl\/index.php?rest_route=\/wp\/v2\/types\/product"}],"replies":[{"embeddable":true,"href":"https:\/\/gambler.m2web.pl\/index.php?rest_route=%2Fwp%2Fv2%2Fcomments&post=11577"}],"version-history":[{"count":1,"href":"https:\/\/gambler.m2web.pl\/index.php?rest_route=\/wp\/v2\/product\/11577\/revisions"}],"predecessor-version":[{"id":11642,"href":"https:\/\/gambler.m2web.pl\/index.php?rest_route=\/wp\/v2\/product\/11577\/revisions\/11642"}],"wp:featuredmedia":[{"embeddable":true,"href":"https:\/\/gambler.m2web.pl\/index.php?rest_route=\/wp\/v2\/media\/11637"}],"wp:attachment":[{"href":"https:\/\/gambler.m2web.pl\/index.php?rest_route=%2Fwp%2Fv2%2Fmedia&parent=11577"}],"wp:term":[{"taxonomy":"product_brand","embeddable":true,"href":"https:\/\/gambler.m2web.pl\/index.php?rest_route=%2Fwp%2Fv2%2Fproduct_brand&post=11577"},{"taxonomy":"product_cat","embeddable":true,"href":"https:\/\/gambler.m2web.pl\/index.php?rest_route=%2Fwp%2Fv2%2Fproduct_cat&post=11577"},{"taxonomy":"product_tag","embeddable":true,"href":"https:\/\/gambler.m2web.pl\/index.php?rest_route=%2Fwp%2Fv2%2Fproduct_tag&post=11577"}],"curies":[{"name":"wp","href":"https:\/\/api.w.org\/{rel}","templated":true}]}}