{"id":11702,"date":"2026-01-06T23:12:27","date_gmt":"2026-01-06T22:12:27","guid":{"rendered":"https:\/\/gambler.m2web.pl\/?post_type=product&#038;p=11702"},"modified":"2026-01-06T23:12:30","modified_gmt":"2026-01-06T22:12:30","slug":"animazing-zeton-old-havana-poker-club-ceramika-nominal-500","status":"publish","type":"product","link":"https:\/\/gambler.m2web.pl\/?product=animazing-zeton-old-havana-poker-club-ceramika-nominal-500","title":{"rendered":"Animazing \u017beton Old Havana Poker Club ceramika nomina\u0142 500"},"content":{"rendered":"","protected":false},"excerpt":{"rendered":"<p><strong>\u017beton Old Havana Poker Club nomina\u0142 500<\/strong><\/p>\n<p><strong>Jedyna w swoim rodzaju seria \u017ceton\u00f3w z motywami z Karaib\u00f3w i dawnej Kuby!<\/strong><\/p>\n<p><strong>\u017betony wykonane z wypalanej glinki ceramicznej \u2013 najlepszego materia\u0142u wykorzystywanego do produkcji \u017ceton\u00f3w.<\/strong><\/p>\n<p><strong>Charakteryzuj\u0105 si\u0119 idealnym wywa\u017ceniem i du\u017c\u0105 wytrzyma\u0142o\u015bci\u0105.<\/strong><\/p>\n<p>Posiadaj\u0105 delikatnie szorstk\u0105 powierzchni\u0119, dzi\u0119ki kt\u00f3rej \u015bwietnie le\u017c\u0105 w d\u0142oni, \u0142atwo uk\u0142adaj\u0105 si\u0119 w s\u0142upki oraz nadaj\u0105 si\u0119 do wykonywania skomplikowanych trik\u00f3w.<\/p>\n<p><strong>\u017betony z obustronnym nomina\u0142em.<\/strong><\/p>\n<p><strong>Nadaj\u0105 si\u0119 zar\u00f3wno do klasycznej Cash Game, jak i do turniej\u00f3w pokerowych.<\/strong><\/p>\n<p>Nomina\u0142y dost\u0119pne w serii: 0,10 \/ 0,25 \/ 0,50 \/ 1 \/ 5 \/ 25 \/ 50 \/ 100 \/ 500 \/ 1000 \/ 5.000 \/ 10.000 \/ 25.000<\/p>\n<p>Wymiary:<\/p>\n<p>\u015arednica: 40 mm.<\/p>\n<p>Grubo\u015b\u0107: 3,3 mm.<\/p>\n<p>Waga: 10,5 g.<\/p>\n","protected":false},"featured_media":11753,"comment_status":"open","ping_status":"closed","template":"","meta":[],"product_brand":[],"product_cat":[146,135,136],"product_tag":[],"class_list":{"0":"post-11702","1":"product","2":"type-product","3":"status-publish","4":"has-post-thumbnail","6":"product_cat-old-havana-poker-club","7":"product_cat-zetony","8":"product_cat-zetony-ceramiczne","10":"first","11":"outofstock","12":"shipping-taxable","13":"purchasable","14":"product-type-simple"},"_links":{"self":[{"href":"https:\/\/gambler.m2web.pl\/index.php?rest_route=\/wp\/v2\/product\/11702","targetHints":{"allow":["GET"]}}],"collection":[{"href":"https:\/\/gambler.m2web.pl\/index.php?rest_route=\/wp\/v2\/product"}],"about":[{"href":"https:\/\/gambler.m2web.pl\/index.php?rest_route=\/wp\/v2\/types\/product"}],"replies":[{"embeddable":true,"href":"https:\/\/gambler.m2web.pl\/index.php?rest_route=%2Fwp%2Fv2%2Fcomments&post=11702"}],"version-history":[{"count":1,"href":"https:\/\/gambler.m2web.pl\/index.php?rest_route=\/wp\/v2\/product\/11702\/revisions"}],"predecessor-version":[{"id":11754,"href":"https:\/\/gambler.m2web.pl\/index.php?rest_route=\/wp\/v2\/product\/11702\/revisions\/11754"}],"wp:featuredmedia":[{"embeddable":true,"href":"https:\/\/gambler.m2web.pl\/index.php?rest_route=\/wp\/v2\/media\/11753"}],"wp:attachment":[{"href":"https:\/\/gambler.m2web.pl\/index.php?rest_route=%2Fwp%2Fv2%2Fmedia&parent=11702"}],"wp:term":[{"taxonomy":"product_brand","embeddable":true,"href":"https:\/\/gambler.m2web.pl\/index.php?rest_route=%2Fwp%2Fv2%2Fproduct_brand&post=11702"},{"taxonomy":"product_cat","embeddable":true,"href":"https:\/\/gambler.m2web.pl\/index.php?rest_route=%2Fwp%2Fv2%2Fproduct_cat&post=11702"},{"taxonomy":"product_tag","embeddable":true,"href":"https:\/\/gambler.m2web.pl\/index.php?rest_route=%2Fwp%2Fv2%2Fproduct_tag&post=11702"}],"curies":[{"name":"wp","href":"https:\/\/api.w.org\/{rel}","templated":true}]}}