{"id":11793,"date":"2026-01-06T23:12:32","date_gmt":"2026-01-06T22:12:32","guid":{"rendered":"https:\/\/gambler.m2web.pl\/?post_type=product&#038;p=11793"},"modified":"2026-01-06T23:12:33","modified_gmt":"2026-01-06T22:12:33","slug":"sun-fly-zeton-valentino-ceramika-nominal-25","status":"publish","type":"product","link":"https:\/\/gambler.m2web.pl\/?product=sun-fly-zeton-valentino-ceramika-nominal-25","title":{"rendered":"SUN-FLY \u017beton Valentino Ceramika Nomina\u0142 25"},"content":{"rendered":"<h3><strong>SUN-FLY \u017beton Valentino Ceramika Nomina\u0142 25<\/strong><\/h3>\n<p>Nr kat.: 115SF1\/25<br \/>\n<strong>Seria wysokiej jako\u015bci \u017ceton\u00f3w ceramicznych Valentino Poker Room o klasycznym wygl\u0105dzie.<\/strong><br \/>\n<strong>Wykonane z wypalanej glinki ceramicznej \u2013 najlepszego materia\u0142u wykorzystywanego do produkcji \u017ceton\u00f3w.<\/strong><br \/>\n<strong>Charakteryzuj\u0105 si\u0119 idealnym wywa\u017ceniem i du\u017c\u0105 wytrzyma\u0142o\u015bci\u0105.<\/strong><br \/>\n\u017betony posiadaj\u0105 delikatnie szorstk\u0105 powierzchni\u0119, dzi\u0119ki kt\u00f3rej \u015bwietnie le\u017c\u0105 w d\u0142oni, \u0142atwo uk\u0142adaj\u0105 si\u0119 w s\u0142upki oraz nadaj\u0105 si\u0119 do wykonywania skomplikowanych trik\u00f3w.<br \/>\n<strong>\u017betony z obustronnym nomina\u0142em.<\/strong><br \/>\nNomina\u0142y dost\u0119pne w serii:\u00a01 \/ 2 \/ 5 \/ 20 \/ 25 \/ 100 \/ 500 \/ 1.000 \/ 5.000 \/ 10.000 \/ 25.000 \/ 100.000 \/ 500.000 \/ Dealer Button<br \/>\nWymiary:<br \/>\n\u015arednica: 39,5 mm.<br \/>\nGrubo\u015b\u0107: 3,3 mm.<br \/>\nWaga: 9,5 g.<\/p>\n","protected":false},"excerpt":{"rendered":"<p>SUN-FLY \u017beton Valentino Ceramika Nomina\u0142 25 Nr kat.: 115SF1\/25 Seria wysokiej jako\u015bci \u017ceton\u00f3w ceramicznych Valentino Poker Room o klasycznym wygl\u0105dzie.<\/p>\n","protected":false},"featured_media":11825,"comment_status":"open","ping_status":"closed","template":"","meta":[],"product_brand":[],"product_cat":[160,135,136],"product_tag":[],"class_list":{"0":"post-11793","1":"product","2":"type-product","3":"status-publish","4":"has-post-thumbnail","6":"product_cat-valentino-poker-room","7":"product_cat-zetony","8":"product_cat-zetony-ceramiczne","10":"first","11":"outofstock","12":"shipping-taxable","13":"purchasable","14":"product-type-simple"},"_links":{"self":[{"href":"https:\/\/gambler.m2web.pl\/index.php?rest_route=\/wp\/v2\/product\/11793","targetHints":{"allow":["GET"]}}],"collection":[{"href":"https:\/\/gambler.m2web.pl\/index.php?rest_route=\/wp\/v2\/product"}],"about":[{"href":"https:\/\/gambler.m2web.pl\/index.php?rest_route=\/wp\/v2\/types\/product"}],"replies":[{"embeddable":true,"href":"https:\/\/gambler.m2web.pl\/index.php?rest_route=%2Fwp%2Fv2%2Fcomments&post=11793"}],"version-history":[{"count":1,"href":"https:\/\/gambler.m2web.pl\/index.php?rest_route=\/wp\/v2\/product\/11793\/revisions"}],"predecessor-version":[{"id":11826,"href":"https:\/\/gambler.m2web.pl\/index.php?rest_route=\/wp\/v2\/product\/11793\/revisions\/11826"}],"wp:featuredmedia":[{"embeddable":true,"href":"https:\/\/gambler.m2web.pl\/index.php?rest_route=\/wp\/v2\/media\/11825"}],"wp:attachment":[{"href":"https:\/\/gambler.m2web.pl\/index.php?rest_route=%2Fwp%2Fv2%2Fmedia&parent=11793"}],"wp:term":[{"taxonomy":"product_brand","embeddable":true,"href":"https:\/\/gambler.m2web.pl\/index.php?rest_route=%2Fwp%2Fv2%2Fproduct_brand&post=11793"},{"taxonomy":"product_cat","embeddable":true,"href":"https:\/\/gambler.m2web.pl\/index.php?rest_route=%2Fwp%2Fv2%2Fproduct_cat&post=11793"},{"taxonomy":"product_tag","embeddable":true,"href":"https:\/\/gambler.m2web.pl\/index.php?rest_route=%2Fwp%2Fv2%2Fproduct_tag&post=11793"}],"curies":[{"name":"wp","href":"https:\/\/api.w.org\/{rel}","templated":true}]}}