{"id":12109,"date":"2026-01-06T23:12:53","date_gmt":"2026-01-06T22:12:53","guid":{"rendered":"https:\/\/gambler.m2web.pl\/?post_type=product&#038;p=12109"},"modified":"2026-01-06T23:13:02","modified_gmt":"2026-01-06T22:13:02","slug":"merchant-zestaw-300-zetonow-do-pokera-dice-w-aluminiowej-walizce","status":"publish","type":"product","link":"https:\/\/gambler.m2web.pl\/?product=merchant-zestaw-300-zetonow-do-pokera-dice-w-aluminiowej-walizce","title":{"rendered":"MERCHANT Zestaw 300 \u017ceton\u00f3w do pokera DICE w aluminiowej walizce"},"content":{"rendered":"<h3><strong>MERCHANT Zestaw 300 \u017ceton\u00f3w do pokera DICE w aluminiowej walizce<\/strong><\/h3>\n<p>Nr kat.: 111PR03307SP4<\/p>\n<p><strong>Wysokiej jako\u015bci zestaw 300 \u017ceton\u00f3w do gry w pokera marki Merchant Ambassador Ltd.<\/strong><\/p>\n<p>\u017betony z symbolami ko\u015bci do gry (Dice) o \u015brednicy 40 mm i wadze 11,5 g.<\/p>\n<p><strong>Zawarto\u015b\u0107 zestawu:<\/strong><\/p>\n<p><strong>300 \u017ceton\u00f3w Dice<\/strong><\/p>\n<p>&#8211; 100 bia\u0142ych<\/p>\n<p>&#8211; 100 czerwonych<\/p>\n<p>&#8211; 50 zielonych<\/p>\n<p>&#8211; 50 niebieskich<\/p>\n<p><strong>Dealer Button<\/strong><\/p>\n<p><strong>Dwie\u00a0talie kart w rozmiarze pokerowym\u00a0(czerwona i niebieska)<\/strong><\/p>\n<p><strong>Walizka aluminiowa do przechowywania<\/strong><\/p>\n<p>Waga zestawu: 4,5 kg.<\/p>\n","protected":false},"excerpt":{"rendered":"<p>MERCHANT Zestaw 300 \u017ceton\u00f3w do pokera DICE w aluminiowej walizce Nr kat.: 111PR03307SP4 Wysokiej jako\u015bci zestaw 300 \u017ceton\u00f3w do gry<\/p>\n","protected":false},"featured_media":12163,"comment_status":"open","ping_status":"closed","template":"","meta":[],"product_brand":[],"product_cat":[137],"product_tag":[],"class_list":{"0":"post-12109","1":"product","2":"type-product","3":"status-publish","4":"has-post-thumbnail","6":"product_cat-zestawy-do-pokera","8":"first","9":"outofstock","10":"shipping-taxable","11":"purchasable","12":"product-type-simple"},"_links":{"self":[{"href":"https:\/\/gambler.m2web.pl\/index.php?rest_route=\/wp\/v2\/product\/12109","targetHints":{"allow":["GET"]}}],"collection":[{"href":"https:\/\/gambler.m2web.pl\/index.php?rest_route=\/wp\/v2\/product"}],"about":[{"href":"https:\/\/gambler.m2web.pl\/index.php?rest_route=\/wp\/v2\/types\/product"}],"replies":[{"embeddable":true,"href":"https:\/\/gambler.m2web.pl\/index.php?rest_route=%2Fwp%2Fv2%2Fcomments&post=12109"}],"version-history":[{"count":1,"href":"https:\/\/gambler.m2web.pl\/index.php?rest_route=\/wp\/v2\/product\/12109\/revisions"}],"predecessor-version":[{"id":12164,"href":"https:\/\/gambler.m2web.pl\/index.php?rest_route=\/wp\/v2\/product\/12109\/revisions\/12164"}],"wp:featuredmedia":[{"embeddable":true,"href":"https:\/\/gambler.m2web.pl\/index.php?rest_route=\/wp\/v2\/media\/12163"}],"wp:attachment":[{"href":"https:\/\/gambler.m2web.pl\/index.php?rest_route=%2Fwp%2Fv2%2Fmedia&parent=12109"}],"wp:term":[{"taxonomy":"product_brand","embeddable":true,"href":"https:\/\/gambler.m2web.pl\/index.php?rest_route=%2Fwp%2Fv2%2Fproduct_brand&post=12109"},{"taxonomy":"product_cat","embeddable":true,"href":"https:\/\/gambler.m2web.pl\/index.php?rest_route=%2Fwp%2Fv2%2Fproduct_cat&post=12109"},{"taxonomy":"product_tag","embeddable":true,"href":"https:\/\/gambler.m2web.pl\/index.php?rest_route=%2Fwp%2Fv2%2Fproduct_tag&post=12109"}],"curies":[{"name":"wp","href":"https:\/\/api.w.org\/{rel}","templated":true}]}}