{"id":12190,"date":"2026-01-06T23:13:03","date_gmt":"2026-01-06T22:13:03","guid":{"rendered":"https:\/\/gambler.m2web.pl\/?post_type=product&#038;p=12190"},"modified":"2026-01-06T23:13:12","modified_gmt":"2026-01-06T22:13:12","slug":"piatnik-karty-do-pokera-wheels-standard-index-kolor-czerwony","status":"publish","type":"product","link":"https:\/\/gambler.m2web.pl\/?product=piatnik-karty-do-pokera-wheels-standard-index-kolor-czerwony","title":{"rendered":"PIATNIK Karty do pokera WHEELS Standard Index kolor czerwony"},"content":{"rendered":"<h3><strong>PIATNIK Karty do pokera WHEELS Standard Index<br \/>\n<\/strong><\/h3>\n<p>Nr kat.: 105P39116\/CZ<br \/>\nKolor: czerwony<br \/>\n<strong>Popularne karty do gry w pokera z motywem k\u00f3\u0142 rowerowych na rewersach marki Piatnik.<\/strong><br \/>\n<strong>Karty wyr\u00f3\u017cniaj\u0105 si\u0119 p\u0142\u00f3tnowan\u0105 faktur\u0105, zbli\u017con\u0105 w dotyku do tkaniny.<\/strong><br \/>\nDedykowane do pokera, idealne tak\u017ce do bryd\u017ca, remika i innych gier.<br \/>\nWykonane z kartonu pokrytego warstw\u0105 plastiku.<br \/>\n<strong>Podw\u00f3jne standardowe indeksy.<\/strong><br \/>\nTalia 55 kart o wymiarach 63 x 89 mm i gramaturze 310.<br \/>\n<strong>Wyprodukowane w Austrii.<\/strong><\/p>\n<p><em>Firma PIATNIK powsta\u0142a w 1824 roku w Wiedniu. By\u0142 to pocz\u0105tkowo niewielki zak\u0142ad, gdzie karty do gry malowano r\u0119cznie. Pod koniec XIX wieku zosta\u0142 przekszta\u0142cony z tradycyjnej manufaktury w przedsi\u0119biorstwo przemys\u0142owe. Przybra\u0142o ono nazw\u0119 FERD. PIATNIK &amp; SOHNE kiedy trzech syn\u00f3w Ferdynanda Piatnika w\u0142\u0105czy\u0142o si\u0119 w prowadzenie firmy. Dynamiczny rozw\u00f3j firmy polega\u0142 m.in. na wybudowaniu kilku nowych fabryk na terenie Austro-W\u0119gier. Przetrwa\u0142y one pierwsz\u0105 wojn\u0119 \u015bwiatow\u0105 i dobrze prosperowa\u0142y a\u017c do lat 40-tych ubieg\u0142ego wieku (w\u015br\u00f3d nich Krakowska Fabryka Kart). Po wojnie fabryki te znalaz\u0142y si\u0119 w radzieckiej strefie wp\u0142yw\u00f3w, a wkr\u00f3tce je znacjonalizowano i niebawem utraci\u0142y wi\u0119\u017a z macierzyst\u0105 firm\u0105 w Wiedniu. PIATNIK jednak stopniowo odbudowywa\u0142 mi\u0119dzynarodowe kontakty handlowe, w wyniku czego w latach 50-tych zacz\u0105\u0142 eksportowa\u0107 swoje produkty do innych pa\u0144stw europejskich, a nieco p\u00f3\u017aniej r\u00f3wnie\u017c za ocean. W latach 70-tych i 80-tych karty PIATNIKA w Polsce mo\u017cna by\u0142o znale\u017a\u0107 jedynie w Pewexach, gdzie by\u0142y dost\u0119pne wy\u0142\u0105cznie za dolary. Od 1950 roku oferta produkt\u00f3w PIATNIKA by\u0142a stale wzbogacana &#8211; obecnie zawiera r\u00f3wnie\u017c bardzo wiele puzzli i gier. Ka\u017cdego roku do ponad 60 pa\u0144stw jest sprzedawanych oko\u0142o 25 milion\u00f3w kart i kilka milion\u00f3w puzzli i gier. Inwestycje w najnowsze \u015brodki produkcji i technologie pozwoli\u0142y na osi\u0105gni\u0119cie ogromnej wydajno\u015bci i wyj\u0105tkowej precyzji druku. Dzi\u0119ki temu PIATNIK sta\u0142 si\u0119 jednym z najwi\u0119kszych i najbardziej cenionych producent\u00f3w kart do gry, za\u015b marka PIATNIK jest obecnie znana na ca\u0142ym \u015bwiecie, a w Polsce jest wr\u0119cz synonimem kart do gry.<br \/>\n<\/em><\/p>\n","protected":false},"excerpt":{"rendered":"<p>PIATNIK Karty do pokera WHEELS Standard Index Nr kat.: 105P39116\/CZ Kolor: czerwony Popularne karty do gry w pokera z motywem<\/p>\n","protected":false},"featured_media":12262,"comment_status":"open","ping_status":"closed","template":"","meta":[],"product_brand":[],"product_cat":[138,132],"product_tag":[],"class_list":{"0":"post-12190","1":"product","2":"type-product","3":"status-publish","4":"has-post-thumbnail","6":"product_cat-inne","7":"product_cat-karty","9":"first","10":"outofstock","11":"shipping-taxable","12":"purchasable","13":"product-type-simple"},"_links":{"self":[{"href":"https:\/\/gambler.m2web.pl\/index.php?rest_route=\/wp\/v2\/product\/12190","targetHints":{"allow":["GET"]}}],"collection":[{"href":"https:\/\/gambler.m2web.pl\/index.php?rest_route=\/wp\/v2\/product"}],"about":[{"href":"https:\/\/gambler.m2web.pl\/index.php?rest_route=\/wp\/v2\/types\/product"}],"replies":[{"embeddable":true,"href":"https:\/\/gambler.m2web.pl\/index.php?rest_route=%2Fwp%2Fv2%2Fcomments&post=12190"}],"version-history":[{"count":1,"href":"https:\/\/gambler.m2web.pl\/index.php?rest_route=\/wp\/v2\/product\/12190\/revisions"}],"predecessor-version":[{"id":12263,"href":"https:\/\/gambler.m2web.pl\/index.php?rest_route=\/wp\/v2\/product\/12190\/revisions\/12263"}],"wp:featuredmedia":[{"embeddable":true,"href":"https:\/\/gambler.m2web.pl\/index.php?rest_route=\/wp\/v2\/media\/12262"}],"wp:attachment":[{"href":"https:\/\/gambler.m2web.pl\/index.php?rest_route=%2Fwp%2Fv2%2Fmedia&parent=12190"}],"wp:term":[{"taxonomy":"product_brand","embeddable":true,"href":"https:\/\/gambler.m2web.pl\/index.php?rest_route=%2Fwp%2Fv2%2Fproduct_brand&post=12190"},{"taxonomy":"product_cat","embeddable":true,"href":"https:\/\/gambler.m2web.pl\/index.php?rest_route=%2Fwp%2Fv2%2Fproduct_cat&post=12190"},{"taxonomy":"product_tag","embeddable":true,"href":"https:\/\/gambler.m2web.pl\/index.php?rest_route=%2Fwp%2Fv2%2Fproduct_tag&post=12190"}],"curies":[{"name":"wp","href":"https:\/\/api.w.org\/{rel}","templated":true}]}}