{"id":12289,"date":"2026-01-06T23:13:15","date_gmt":"2026-01-06T22:13:15","guid":{"rendered":"https:\/\/gambler.m2web.pl\/?post_type=product&#038;p=12289"},"modified":"2026-01-06T23:13:18","modified_gmt":"2026-01-06T22:13:18","slug":"mona-zeton-casino-poker-chip-nominal-25-kolor-zielony","status":"publish","type":"product","link":"https:\/\/gambler.m2web.pl\/?product=mona-zeton-casino-poker-chip-nominal-25-kolor-zielony","title":{"rendered":"Mona \u017beton Casino Poker Chip nomina\u0142 25 kolor zielony"},"content":{"rendered":"","protected":false},"excerpt":{"rendered":"<p><strong>\u017beton Casino Poker Chip nomina\u0142 25 kolor zielony<\/strong><br \/>\n<strong>Seria wysokiej klasy \u017ceton\u00f3w do gry w pokera z symbolami gwiazdy i kr\u00f3lewskiej korony.<\/strong><br \/>\nWykonane z tworzywa sztucznego ze zwi\u0119kszaj\u0105c\u0105 wag\u0119 metalow\u0105 wk\u0142adk\u0105.<br \/>\n<strong>Obustronne nomina\u0142y.<\/strong><br \/>\nCharakteryzuj\u0105 si\u0119 wi\u0119kszym ci\u0119\u017carem i sprawdzaj\u0105 si\u0119 w grze lepiej od standardowych \u017ceton\u00f3w 11,5 g.<br \/>\n<strong>Nomina\u0142y dost\u0119pne w serii: 1 \/ 2 \/ 5 \/ 20 \/ 25 \/ 50 \/100 \/ 200 \/ 500 \/ 1.000 \/ 2.000 \/ 5.000 \/ 10.000.<\/strong><br \/>\n<strong>Wymiary:<\/strong><br \/>\n\u015arednica: 40 mm<br \/>\nGrubo\u015b\u0107: 3 mm<br \/>\nWaga: 13,5 g.<\/p>\n","protected":false},"featured_media":12339,"comment_status":"open","ping_status":"closed","template":"","meta":[],"product_brand":[],"product_cat":[173,171,135,172],"product_tag":[],"class_list":{"0":"post-12289","1":"product","2":"type-product","3":"status-publish","4":"has-post-thumbnail","6":"product_cat-mona-casino-poker-chip","7":"product_cat-wsop","8":"product_cat-zetony","9":"product_cat-zetony-z-nominalem-135-g","11":"first","12":"outofstock","13":"shipping-taxable","14":"purchasable","15":"product-type-simple"},"_links":{"self":[{"href":"https:\/\/gambler.m2web.pl\/index.php?rest_route=\/wp\/v2\/product\/12289","targetHints":{"allow":["GET"]}}],"collection":[{"href":"https:\/\/gambler.m2web.pl\/index.php?rest_route=\/wp\/v2\/product"}],"about":[{"href":"https:\/\/gambler.m2web.pl\/index.php?rest_route=\/wp\/v2\/types\/product"}],"replies":[{"embeddable":true,"href":"https:\/\/gambler.m2web.pl\/index.php?rest_route=%2Fwp%2Fv2%2Fcomments&post=12289"}],"version-history":[{"count":1,"href":"https:\/\/gambler.m2web.pl\/index.php?rest_route=\/wp\/v2\/product\/12289\/revisions"}],"predecessor-version":[{"id":12340,"href":"https:\/\/gambler.m2web.pl\/index.php?rest_route=\/wp\/v2\/product\/12289\/revisions\/12340"}],"wp:featuredmedia":[{"embeddable":true,"href":"https:\/\/gambler.m2web.pl\/index.php?rest_route=\/wp\/v2\/media\/12339"}],"wp:attachment":[{"href":"https:\/\/gambler.m2web.pl\/index.php?rest_route=%2Fwp%2Fv2%2Fmedia&parent=12289"}],"wp:term":[{"taxonomy":"product_brand","embeddable":true,"href":"https:\/\/gambler.m2web.pl\/index.php?rest_route=%2Fwp%2Fv2%2Fproduct_brand&post=12289"},{"taxonomy":"product_cat","embeddable":true,"href":"https:\/\/gambler.m2web.pl\/index.php?rest_route=%2Fwp%2Fv2%2Fproduct_cat&post=12289"},{"taxonomy":"product_tag","embeddable":true,"href":"https:\/\/gambler.m2web.pl\/index.php?rest_route=%2Fwp%2Fv2%2Fproduct_tag&post=12289"}],"curies":[{"name":"wp","href":"https:\/\/api.w.org\/{rel}","templated":true}]}}